e 9) to base 5
-2223201000
What is -6082380 (base 9) in base 3?
-20002202102200
What is 13001201 (base 5) in base 11?
86057
Convert -12671b (base 12) to base 7.
-2364413
Convert -16b834 (base 15) to base 2.
-100001101000100010011
What is 3339089 (base 11) in base 16?
59528b
Convert -1011100110010000011 (base 2) to base 9.
-638271
What is -1101011101011100001100 (base 2) in base 11?
-1a9aa91
Convert 17b13 (base 12) to base 2.
1000011001111111
What is -5b2bb7 (base 12) in base 13?
-3c962b
Convert 101010000001010010 (base 2) to base 10.
172114
What is 3034231 (base 5) in base 7?
263531
Convert -11042221 (base 5) to base 4.
-113210301
What is 13003401211 (base 5) in base 8?
73651714
Convert -105067a (base 13) to base 4.
-102331203221
What is 75fa8 (base 16) in base 3?
220112212210
Convert 40612235 (base 7) to base 10.
3398225
What is 330310122 (base 4) in base 10?
249114
What is 1121350 (base 6) in base 2?
1110000000100010
-10312034 (base 6) to base 3
-120111101211
1d2423 (base 15) to base 10
1425183
What is 12263202 (base 8) in base 11?
1593532
-5587d7 (base 15) to base 10
-4078777
1b96450 (base 13) to base 4
203001230310
Convert -12aa38 (base 12) to base 13.
-aa8a6
-10030112211 (base 4) to base 10
-1099173
Convert -751227 (base 11) to base 8.
-4453764
What is 3514d (base 15) in base 4?
221101120
What is 4486651 (base 11) in base 2?
11101111110000011011000
What is -1a57454 (base 11) in base 2?
-1101001101111110110000
240a02 (base 11) to base 3
201101211122
Convert 2211112122011 (base 3) to base 2.
101101111110100010001
-23013021 (base 4) to base 13
-17940
Convert -1586604 (base 9) to base 14.
-190258
Convert 131022031 (base 4) to base 15.
255c7
-370402 (base 10) to base 14
-98db4
Convert 73784 (base 15) to base 3.
200121022221
What is -2421311 (base 7) in base 2?
-1001011001001110010
What is 1022002021122 (base 3) in base 7?
5604215
Convert -2603289 (base 10) to base 11.
-1518987
138cc1 (base 13) to base 7
4023622
Convert -7550 (base 14) to base 8.
-47442
Convert 2005500 (base 9) to base 6.
34511300
Convert 35151 (base 12) to base 16.
1158d
Convert dc1e (base 15) to base 6.
555432
-129b2 (base 15) to base 8
-164257
Convert -555623 (base 11) to base 12.
-3687a2
What is -c5b6 (base 14) in base 4?
-20110110
1111010100111011011 (base 2) to base 5
112032420
-243214 (base 7) to base 2
-1010110101000100
Convert -3231113312 (base 4) to base 14.
-1b4486
What is -230302312 (base 5) in base 16?
-fa534
Convert -28da7 (base 14) to base 3.
-12011012111
What is 176b09 (base 16) in base 10?
1534729
Convert -10604160 (base 7) to base 2.
-11100010000010011000
21533152 (base 6) to base 8
2365434
What is -12b9b4 (base 12) in base 7?
-2432650
200011313113 (base 4) to base 11
4826597
What is 202ab (base 15) in base 12?
4ab45
Convert -1625365 (base 9) to base 5.
-212342204
What is a3499 (base 13) in base 6?
10140255
What is -4ab9b (base 15) in base 14?
-630a3
-5153225 (base 6) to base 8
-744721
ab027 (base 13) to base 14
80c94
-201673 (base 14) to base 4
-10013211311
-14055244 (base 7) to base 15
-1ac844
Convert 1070350 (base 8) to base 14.
780d2
What is -4d951d (base 15) in base 13?
-a06621
Convert -30ee (base 15) to base 2.
-10100001101101
Convert -94369 (base 10) to base 15.
-1ce64
Convert -10b41a (base 12) to base 10.
-268438
What is 59781 (base 11) in base 3?
11101010122
a6aa9 (base 14) to base 12
175091
Convert -431124411 (base 5) to base 8.
-6735611
Convert -100101221020 (base 3) to base 5.
-21410433
-a7d5 (base 15) to base 14
-cd37
What is -494083 (base 12) in base 14?
-22d41d
-21a69 (base 14) to base 7
-456662
Convert -3235610 (base 7) to base 6.
-12252152
What is 57740b (base 13) in base 3?
10220021212201
312878 (base 10) to base 9
526162
What is 233123 (base 10) in base 5?
24424443
-808ae1 (base 15) to base 4
-113102112031
What is -1031135 (base 10) in base 13?
-2a1451
313706 (base 8) to base 7
613226
3423145 (base 7) to base 14
b13cc
1be1f7 (base 16) to base 15
261664
3038a3 (base 13) to base 15
172670
9475311 (base 10) to base 4
210021103233
-82400 (base 9) to base 3
-2202110000
What is 1435231 (base 7) in base 9?
325001
What is 13661444 (base 8) in base 11?
1831298
-10011000100100100 (base 2) to base 4
-103010210
What is 2214102301 (base 5) in base 2?
10010011011100101011000
What is 595c (base 13) in base 2?
11000100100111
What is -31040002 (base 5) in base 2?
-111101101001010110
What is -42770 (base 8) in base 6?
-214532
Convert 35a2ab (base 12) to base 10.
867875
Convert 396a00 (base 12) to base 11.
595a36
What is -4034840 (base 9) in base 4?
-20030222313
Convert -75339 (base 12) to base 9.
-254550
1010100101011010000 (base 2) to base 10
346832
Convert 4a237 (base 14) to base 9.
306026
Convert 342010 (base 6) to base 12.
14906
Convert -20372 (base 13) to base 3.
-2221011212
-478992 (base 12) to base 15
-17c675
What is -150338 (base 10) in base 14?
-3cb06
-1460115 (base 7) to base 10
-199344
Convert -16421ce (base 15) to base 12.
-54b1a28
What is -465a7a (base 13) in base 8?
-6274302
What is -210344302 (base 6) in base 4?
-31333222232
Convert 5114a (base 11) to base 13.
28010
-27b29d (base 15) to base 12
-781994
-11565021 (base 8) to base 5
-1123102124
-1a31cba (base 13) to base 5
-4202123200
Convert 1250159 (base 12) to base 15.
4ace96
-46561a (base 12) to base 15
-1748ea
What is 21111221211 (base 3) in base 5?
14213310
What is 3b39c70 (base 13) in base 2?
1000111001110101001100001
What is 68037 (base 15) in base 14?
887aa
3927904 (base 10) to base 5
2001143104
Convert -19b21a (base 15) to base 2.
-100110001110011111000
What is -1022312 (base 8) in base 10?
-271562
2193c (base 14) to base 13
2b081
What is -3207 (base 8) in base 3?
-2021220
-56719 (base 12) to base 15
-2416c
212033133 (base 4) to base 8
461737
Convert 11010110333 (base 4) to base 14.
2681b1
What is 79696 (base 15) in base 10?
386241
Convert 51364031 (base 7) to base 13.
b77c22
42476502 (base 8) to base 11
5139a60
What is -1110011010000011 (base 2) in base 11?
-40377
Convert 18116b (base 15) to base 4.
10131023030
What is 37978 (base 15) in base 9?
300605
-1444b9 (base 12) to base 16
-52dcd
2020098 (base 12) to base 13
1327223
-70978a (base 14) to base 7
-44136233
What is -11a754 (base 11) in base 15?
-3b408
What is -1110846 (base 12) in base 7?
-36452631
Convert 11101010101110100001 (base 2) to base 10.
961441
What is 115961 (base 11) in base 16?
2cccf
42402 (base 6) to base 10
5762
What is 103532445 (base 6) in base 15?
26bec2
Convert 5023232 (base 9) to base 16.
28c841
Convert 127240 (base 8) to base 2.
1010111010100000
259651 (base 11) to base 2
1100011101000000100
Convert 2417206 (base 10) to base 16.
24e236
Convert 21206110 (base 8) to base 7.
53314536
Convert 6ef54 (base 16) to base 3.
212002102202
Convert -2210434 (base 6) to base 14.
-2c2c6
311303311223 (base 4) to base 2
110101110011110101101011
What is 1010111111111001110100 (base 2) in base 10?
2883188
745333 (base 11) to base 8
4432017
-13442133 (base 6) to base 7
-3611301
What is bacd4 (base 14) in base 10?
452554
What is 2110112212 (base 3) in base 13?
1910c
225431 (base 7) to base 5
2242344
10011101100101000010 (base 2) to base 15
cb397
1187a (base 14) to base 16
a754
What is 240334444 (base 5) in base 12?
4539b4
-51a75 (base 11) to base 9
-125013
210211311123 (base 4) to base 14
13b997d
11653250 (base 7) to base 3
1222121110112
Convert -587513 (base 9) to base 16.
-563e5
Convert -7806335 (base 10) to base 4.
-131301311333
Convert 187c019 (base 13) to base 4.
132212312222
What is 1159230 (base 12) in base 7?
40340340
What is 11021705 (base 10) in base 5?
10310143310
-10010011000010101101 (base 2) to base 10
-602285
-1102112022202 (base 3) to base 11
-478881
Convert -1660544 (base 7) to base 10.
-233174
What is -11412522 (base 6) in base 16?
-57cc2
42d89e (base 16) to base 6
233521342
What is -1977552 (base 10) in base 6?
-110215200
What is -442987 (base 14) in base 13?
-62c658
What is 52a5098 (base 11) in base 7?
142221100
Convert 12a014a (base 13) to base 12.
1b64544
What is -1122110001001 (base 3) in base 10?
-874828
1001100001011100111 (base 2) to base 13
ac050
Convert -50459 (base 11) to base 16.
-12019
Convert 915728 (base 12) to base 8.
10521320
-3022020311 (base 4) to base 12
-33b185
1b37b (base 12) to base 3
2